me factors of 795.
3, 5, 53
What are the prime factors of 9381?
3, 53, 59
What are the prime factors of 104974?
2, 73, 719
List the prime factors of 3570.
2, 3, 5, 7, 17
What are the prime factors of 740?
2, 5, 37
What are the prime factors of 16027?
11, 31, 47
List the prime factors of 24346.
2, 7, 37, 47
List the prime factors of 5457.
3, 17, 107
List the prime factors of 33004.
2, 37, 223
What are the prime factors of 8984?
2, 1123
What are the prime factors of 941?
941
What are the prime factors of 1922?
2, 31
What are the prime factors of 13730?
2, 5, 1373
List the prime factors of 40066.
2, 13, 23, 67
List the prime factors of 152.
2, 19
What are the prime factors of 1714?
2, 857
What are the prime factors of 96799?
96799
List the prime factors of 3381.
3, 7, 23
List the prime factors of 2372.
2, 593
What are the prime factors of 1081?
23, 47
What are the prime factors of 5166?
2, 3, 7, 41
What are the prime factors of 750?
2, 3, 5
What are the prime factors of 257?
257
What are the prime factors of 42?
2, 3, 7
What are the prime factors of 564?
2, 3, 47
List the prime factors of 164099.
13, 971
What are the prime factors of 53?
53
List the prime factors of 7256.
2, 907
List the prime factors of 13024.
2, 11, 37
List the prime factors of 43172.
2, 43, 251
List the prime factors of 83479.
11, 7589
What are the prime factors of 106414?
2, 7, 11, 691
What are the prime factors of 785?
5, 157
What are the prime factors of 470?
2, 5, 47
List the prime factors of 9437.
9437
What are the prime factors of 80616?
2, 3, 3359
List the prime factors of 587.
587
What are the prime factors of 93421?
103, 907
List the prime factors of 44681.
7, 13, 491
What are the prime factors of 497?
7, 71
What are the prime factors of 98122?
2, 71, 691
List the prime factors of 20201.
20201
What are the prime factors of 62161?
11, 5651
What are the prime factors of 36184?
2, 4523
What are the prime factors of 1040?
2, 5, 13
What are the prime factors of 6032?
2, 13, 29
List the prime factors of 78.
2, 3, 13
What are the prime factors of 660?
2, 3, 5, 11
What are the prime factors of 642?
2, 3, 107
List the prime factors of 6348.
2, 3, 23
List the prime factors of 52720.
2, 5, 659
What are the prime factors of 631?
631
What are the prime factors of 88558?
2, 44279
What are the prime factors of 1103?
1103
List the prime factors of 66052.
2, 7, 337
List the prime factors of 37509.
3, 12503
What are the prime factors of 17383?
17383
What are the prime factors of 604?
2, 151
What are the prime factors of 5203?
11, 43
List the prime factors of 66141.
3, 7349
List the prime factors of 600.
2, 3, 5
What are the prime factors of 4577?
23, 199
List the prime factors of 60641.
7, 8663
List the prime factors of 55809.
3, 13, 53
What are the prime factors of 26148?
2, 3, 2179
List the prime factors of 29892.
2, 3, 47, 53
List the prime factors of 18826.
2, 9413
List the prime factors of 2938.
2, 13, 113
What are the prime factors of 30937?
30937
What are the prime factors of 28774?
2, 14387
List the prime factors of 3438.
2, 3, 191
What are the prime factors of 1072?
2, 67
List the prime factors of 1430.
2, 5, 11, 13
What are the prime factors of 33887?
7, 47, 103
List the prime factors of 4767.
3, 7, 227
What are the prime factors of 13276?
2, 3319
List the prime factors of 4770.
2, 3, 5, 53
What are the prime factors of 23?
23
List the prime factors of 3262.
2, 7, 233
What are the prime factors of 46313?
29, 1597
List the prime factors of 302.
2, 151
What are the prime factors of 6330?
2, 3, 5, 211
List the prime factors of 1919.
19, 101
List the prime factors of 174015.
3, 5, 1289
List the prime factors of 15846.
2, 3, 19, 139
What are the prime factors of 23731?
19, 1249
List the prime factors of 6212.
2, 1553
List the prime factors of 15219.
3, 19, 89
What are the prime factors of 7397?
13, 569
What are the prime factors of 3457?
3457
List the prime factors of 2399.
2399
List the prime factors of 111.
3, 37
List the prime factors of 10523.
17, 619
What are the prime factors of 7351?
7351
What are the prime factors of 38428?
2, 13, 739
What are the prime factors of 1341?
3, 149
What are the prime factors of 53552?
2, 3347
List the prime factors of 2399.
2399
What are the prime factors of 78982?
2, 17, 23, 101
What are the prime factors of 1330?
2, 5, 7, 19
List the prime factors of 435.
3, 5, 29
What are the prime factors of 2593?
2593
List the prime factors of 19067.
23, 829
List the prime factors of 2457.
3, 7, 13
What are the prime factors of 126?
2, 3, 7
List the prime factors of 8301.
3, 2767
What are the prime factors of 111153?
3, 7, 67, 79
List the prime factors of 2213.
2213
List the prime factors of 433.
433
What are the prime factors of 2955?
3, 5, 197
List the prime factors of 2053.
2053
What are the prime factors of 3582?
2, 3, 199
List the prime factors of 3826.
2, 1913
List the prime factors of 1544.
2, 193
What are the prime factors of 4082?
2, 13, 157
What are the prime factors of 3674?
2, 11, 167
List the prime factors of 2817.
3, 313
What are the prime factors of 3559?
3559
What are the prime factors of 825?
3, 5, 11
List the prime factors of 10857.
3, 7, 11, 47
List the prime factors of 1012.
2, 11, 23
List the prime factors of 269.
269
List the prime factors of 77.
7, 11
List the prime factors of 9130.
2, 5, 11, 83
What are the prime factors of 28398?
2, 3, 4733
List the prime factors of 1139.
17, 67
List the prime factors of 6898.
2, 3449
What are the prime factors of 9748?
2, 2437
List the prime factors of 40425.
3, 5, 7, 11
List the prime factors of 1234.
2, 617
What are the prime factors of 889?
7, 127
What are the prime factors of 8641?
8641
What are the prime factors of 695?
5, 139
List the prime factors of 108.
2, 3
What are the prime factors of 761?
761
List the prime factors of 1025.
5, 41
List the prime factors of 144.
2, 3
What are the prime factors of 27751?
27751
What are the prime factors of 13608?
2, 3, 7
List the prime factors of 17773.
7, 2539
List the prime factors of 49444.
2, 47, 263
List the prime factors of 1138.
2, 569
List the prime factors of 39082.
2, 19541
What are the prime factors of 10963?
19, 577
What are the prime factors of 2328?
2, 3, 97
What are the prime factors of 330?
2, 3, 5, 11
What are the prime factors of 2747?
41, 67
List the prime factors of 21448.
2, 7, 383
What are the prime factors of 4690?
2, 5, 7, 67
What are the prime factors of 18254?
2, 9127
List the prime factors of 3256.
2, 11, 37
What are the prime factors of 43181?
29, 1489
What are the prime factors of 29903?
17, 1759
List the prime factors of 7036.
2, 1759
List the prime factors of 19523.
7, 2789
What are the prime factors of 12242?
2, 6121
What are the prime factors of 2010?
2, 3, 5, 67
List the prime factors of 347.
347
List the prime factors of 104690.
2, 5, 19, 29
What are the prime factors of 1135?
5, 227
List the prime factors of 10429.
10429
What are the prime factors of 2758?
2, 7, 197
What are the prime factors of 975?
3, 5, 13
What are the prime factors of 2?
2
List the prime factors of 6559.
7, 937
List the prime factors of 240.
2, 3, 5
List the prime factors of 7699.
7699
What are the prime factors of 513?
3, 19
What are the prime factors of 3954?
2, 3, 659
What are the prime factors of 136970?
2, 5, 13697
List the prime factors of 629.
17, 37
What are the prime factors of 41487?
3, 13829
List the prime factors of 2263.
31, 73
List the prime factors of 1902.
2, 3, 317
List the prime factors of 160.
2, 5
List the prime factors of 1063.
1063
List the prime factors of 213192.
2, 3, 7, 47
List the prime factors of 1475.
5, 59
List the prime factors of 493.
17, 29
What are the prime factors of 21076?
2, 11, 479
What are the prime factors of 882?
2, 3, 7
What are the prime factors of 7862?
2, 3931
What are the prime factors of 937?
937
List the prime factors of 6617.
13, 509
List the prime factors of 755.
5, 151
List the prime factors of 901.
17, 53
What are the prime factors of 215?
5, 43
What are the prime factors of 465?
3, 5, 31
List the prime factors of 18113.
59, 307
List the prime factors of 44282.
2, 7, 3163
What are the prime factors of 52129?
7, 11, 677
What are the prime factors of 102047?
11, 9277
List the prime factors of 